(-27726)/27*(-99)/22 a composite number?
False
Let b(d) = d**3 + 16*d**2 - 23*d + 11. Let u be b(-17). Let k = u + 14. Is k composite?
False
Is 6700/8 - 10/4 composite?
True
Suppose 0 = -r + 2*n + 189, 5*r + 4*n + 18 = 893. Suppose 3*a - 150 - r = -5*g, 5*a = -g + 79. Suppose 4*v - 732 = -g. Is v a composite number?
False
Suppose -o - f = -5, -f - 3*f = -5*o - 20. Suppose -h + 5 = -o. Suppose 5*z + 305 = 2*x - 0*z, 450 = 3*x - h*z. Is x prime?
False
Let i = 4291 - 6045. Is (i/3)/(3 - (-77)/(-21)) composite?
False
Let r(m) = 2*m**2 + m - 1. Let q be r(-2). Suppose q*n = 817 - 82. Suppose 5*k + 2*b - 627 = 0, 0*k + 5*b = k - n. Is k a prime number?
True
Let y be 25*(3 - 24/10). Let v be (-6)/y - (-84)/10. Is 2010/v + (-2)/8 composite?
False
Let l be -4 - (4 - 8 - -149). Let p = l - -382. Is p prime?
True
Suppose 2*f = 2473 + 1429. Is f composite?
False
Suppose 5*k = n - 65, -3*k = 4*n - k - 194. Let z = n - 130. Let d = 127 + z. Is d a prime number?
True
Suppose -5*y = -7*p + 5*p + 96, -4*p + 4*y = -216. Let o(r) = -r**2 + 4 + p*r + 2*r**2 - 54*r. Is o(-9) a composite number?
True
Let a(n) = -21*n**2 + 3*n + 1. Let r(l) = 22*l**2 - 3*l - 2. Let v(w) = -5*a(w) - 4*r(w). Is v(8) a prime number?
False
Let t = -3417 - -8116. Is t composite?
True
Let h(v) = 11*v**3 + 4*v**2 - 9*v - 13. Is h(6) prime?
False
Let j(f) = f**3 + 70*f**2 + 34*f - 79. Is j(-20) prime?
False
Suppose -6*y = -y + 20. Let v = 9 + y. Suppose -v*k = t - 269, 0*k = -5*k - 2*t + 273. Is k a composite number?
False
Let g be (15 - 17)/((-1)/(-4)). Let n = g - 1. Is 600/9 + (-3)/n a composite number?
False
Suppose 15*n + 4245 = 3*j + 12*n, -4*j + 5*n + 5664 = 0. Is j a prime number?
False
Let m(n) = -2*n**3 - 6*n - 9. Let x(d) = 3*d**3 + d**2 + 5*d + 10. Let w(s) = 5*m(s) + 4*x(s). Is w(5) a composite number?
True
Let v(b) = 214*b**2 + 5*b + 7. Let w be v(-4). Let t = 5614 - w. Is t prime?
True
Suppose -3*t + 20 = 5*w - w, -4*w + 20 = -3*t. Suppose -3*y + n + 55 = 0, w*n = -y + 3*n + 23. Is y a composite number?
False
Suppose -2*f = -b - 64428, 5*b - b = 4*f - 128864. Suppose 21*m = 25*m - f. Is m a prime number?
True
Suppose 9*q - 13347 = 13770. Is q a prime number?
False
Let t(k) = -1310*k - 64. Let q be t(-11). Suppose -q = -7*f - 11*f. Is f a prime number?
True
Suppose 0 = 4*i - 7 - 381. Let m(q) = -146*q - 2. Let h be m(-5). Let f = h - i. Is f a composite number?
False
Let g = -1469 + 3581. Suppose -g - 6627 = -9*h. Is h a prime number?
True
Suppose p - 3*v = 3, 4*v - 9*v = 3*p - 9. Is (p + 925/15)*(-9)/(-2) composite?
True
Suppose -4*g = -8*g + 24. Let n(b) = -b**3 + 5*b**2 + 4*b + 6. Let u be n(g). Let z(a) = -33*a + 3. Is z(u) a prime number?
False
Let a(b) = 76*b**2 + 3*b - 7. Let z be a(-6). Suppose 4*p - 4*f - z = -3*f, -3*p - 2*f + 2047 = 0. Is p a composite number?
True
Is (-31547)/(2*(-9)/18) a composite number?
False
Suppose 66702 = -14*x - 86850. Is (7/(-14))/(-2*(-3)/x) prime?
False
Let l(p) = 3*p**3 - 4*p**2 - p - 5. Suppose 0 = -4*m + 4*r + 24, 2*r - 7*r = -m + 14. Is l(m) a composite number?
True
Let k = 659 + -360. Let j = k - 112. Is j a prime number?
False
Let w = 22 - 4. Let v = 16 - w. Is 159/v*(-30)/45 composite?
False
Let p = -27 - -354. Suppose -17*z + 26*z - 360 = 0. Suppose x + z = p. Is x a prime number?
False
Let y(p) = -51*p - 19. Let n be y(-11). Suppose -373 = -5*m + n. Is m composite?
True
Suppose -16*z + 23*z = 2639. Is z prime?
False
Let j(o) = 4*o. Let k be j(1). Suppose -h = -5*h - 3*w + 886, 0 = k*h + 5*w - 882. Is h a prime number?
True
Let a(k) = -k**2 + 4*k + 4. Let g be a(4). Let q be (-153)/(-34) - 2/g. Suppose v - 170 = -q*v. Is v a prime number?
False
Suppose -3*g = -4*o + 22026 + 33630, -4*o - 5*g = -55624. Is o a prime number?
False
Let m(b) = b**3 - 3*b**2 + 14*b + 12. Let x be m(-7). Let a = 1211 + x. Is a a composite number?
True
Suppose 66*w = 4148110 + 320156. Is w a composite number?
True
Let j(u) = 490*u - 28. Let g(c) = 245*c - 15. Let v(t) = -5*g(t) + 3*j(t). Is v(6) a composite number?
True
Let a = 14 - 15. Let i(r) = -4*r + 1. Let m be i(a). Suppose -n + 313 - 102 = 3*j, -3*j - m*n = -227. Is j a composite number?
True
Let t(l) be the third derivative of 0*l**4 + 5/6*l**3 + 0 + 0*l - 3*l**2 + 1/60*l**5 - 7/120*l**6. Is t(-4) prime?
False
Let l(t) = 32*t - 3. Let u be l(4). Let m = u + -34. Let w = m + 178. Is w prime?
True
Suppose -3*x = u - 13, u + 22 = 2*x + 5*u. Suppose -x*l = 2*n - 6*n - 642, 2*l + n - 428 = 0. Is l a prime number?
False
Suppose 9415 = 14*v - 9*v. Suppose 3*q = 2*q + v. Is q a prime number?
False
Let r(d) = -2*d**3 + d**2 - 2*d + 2. Let i(h) = h**3 - h**2 + h - 1. Let c(q) = 3*i(q) + 2*r(q). Let t be c(0). Is t/(-1) + (6 - 2) a composite number?
False
Suppose 0 = 5*r - r - 4556. Is (r/(-4))/(8/(-32)) a composite number?
True
Let o(x) = 45*x - 18. Suppose -28 = -3*z - 10. Let n be o(z). Suppose 0 = -q + l + 414, -686 = -q + 5*l - n. Is q a prime number?
True
Let u(j) = j**3 - 11*j**2 + 10*j + 2. Let b be u(10). Is b/7 - 6675/(-35) a composite number?
False
Let z(w) = 0*w + w + 10 - 3. Let o be z(-5). Suppose 2*c = -0*c - o*f + 140, -4*c = -2*f - 262. Is c prime?
True
Let p(i) = -16*i**2 - i - 30. Let t be p(6). Let g = -203 - t. Is g a prime number?
True
Let u(c) = 9*c**2 + 2*c + 12. Let j(p) = -8*p**2 - 2*p - 13. Let i(v) = 5*j(v) + 6*u(v). Is i(-5) a composite number?
False
Let l = -2680 - -37. Let v = l + 3902. Is v prime?
True
Suppose 4*p = 8*p - 68. Let t be (172/(-43))/((-4)/6). Let d = p - t. Is d prime?
True
Let f(k) = -12*k**3 + 17*k**2 - k - 5. Let h(a) = 6*a**3 - 9*a**2 + a + 2. Let m(y) = -4*f(y) - 7*h(y). Is m(4) a composite number?
True
Let i be (10/15)/(1014/(-1017) - -1). Suppose 3187 = 9*k + i. Is k composite?
True
Suppose 2*j + 1053 = 115. Let w = 474 - j. Is w a composite number?
True
Let h(s) = 2*s**3 + 13*s**2 - 5*s + 65. Is h(12) prime?
True
Let r(j) = -229*j + 614. Is r(-56) a prime number?
False
Let n(x) = 179*x - 10. Suppose 0 = 15*b - 22*b + 21. Is n(b) a prime number?
False
Suppose 2*t + 2*a - 108688 = 0, 23*a - 19*a = 4*t - 217400. Is t prime?
True
Let r = -1532 + 2649. Is r composite?
False
Let p = -7 - -4. Suppose 9*i + 4995 = -6*i. Is i/(-3)*(-1)/p prime?
True
Let l(q) = -398*q**3 - 3*q**2 - 3*q - 1. Suppose -2*k = 0, m + 2*m + 3 = -3*k. Is l(m) composite?
False
Let t = 7 - 10. Suppose -1032 = -86*g - 0*g. Is 2/g*t*-508 prime?
False
Suppose 645 - 55 = 2*p. Suppose -v = p - 1254. Is v a prime number?
False
Let p(m) = 3 - 2 - 102*m**2 + 2*m + 89*m**2. Let w be p(1). Let c(h) = -57*h + 3. Is c(w) a composite number?
True
Is (-98)/539 - 144883/(-11) composite?
False
Suppose 4*k = 1241 + 1395. Let q = 1038 - k. Is q a composite number?
False
Suppose 0 = -h + 3*o + 164 + 467, -4*o + 2476 = 4*h. Let x = h - 329. Is x a composite number?
False
Let g = -1 + 1. Suppose -4*o = -g*o - 348. Is o a prime number?
False
Let j(d) = -d**2 - 10*d - 3. Let w be j(-9). Suppose w*t - 278 = 4*t. Let r = t - -330. Is r composite?
True
Let l be 9*((22 - 1) + 2). Let c = l + -52. Suppose -3*s - 2*s = -c. Is s composite?
False
Let k = 13 - 8. Suppose k*q + 45 = 1110. Is q a prime number?
False
Suppose 7*h - 17353 = 14014. Is h prime?
True
Is 11/110 - (-20076126)/140 composite?
False
Suppose 11 = 5*f + 36, 4*f - 1445 = 5*k. Let a = 130 - k. Suppose 5*b = 2*b + a. Is b prime?
False
Let l = -92 + 94. Suppose -m + 2742 = 4*b, -3429 = -3*b - l*b - 2*m. Is b composite?
True
Suppose 2*j + 2*v - 4*v = 2, -5*j - v - 1 = 0. Let h(a) = 21 - a - a**2 + 2*a + 2*a**2. Is h(j) a prime number?
False
Let c be (104/(-130))/((-1)/(-470)). Let n = c - -1463. Is n composite?
False
Let v = -4186 + 11247. Is v prime?
False
Let w(d) = 22*d**2 - d + 1. Let f be (-18)/3 + 4 + 0. Let b be (-1 + 0)/(f/(-4)). Is w(b) a composite number?
True
Let q be (-3 + 0)/6*12. Suppose 14647 = 5*g - 3*z, -2*g - 2*g - 4*z + 11724 = 0. Is g/(-2)*q/15 prime?
False
Let o(q) = 37*q**2 + 4*q - 4. Let a(j) = -j + 8. Let n be a(13). Is o(n) a composite number?
True
Let g(n) = n**3 + 16*n**2 + 38*n - 14. Is g(-9) a composite number?
False
Let x(m) = -2*m**3 + 6*m**2 - 28*m + 31. Is x(-21) prime?
True
Let j be 2/(-8) + (-187)/(-44). Suppose -p - j*p = 0. Suppose 3*d - 6*d + 249 = p. Is d composite?
False
Suppose -b - 5*g - 34 = 0, 5*b - 7*g + 3*g